{"id":67,"date":"2019-12-25T09:32:02","date_gmt":"2019-12-25T09:32:02","guid":{"rendered":"http:\/\/paul-themes.com\/wordpress\/robert\/?page_id=67"},"modified":"2022-08-19T08:09:09","modified_gmt":"2022-08-19T08:09:09","slug":"proyectos-paginas-web","status":"publish","type":"page","link":"https:\/\/silviaarias.com\/index.php\/proyectos-paginas-web\/","title":{"rendered":"Porfolio p\u00e1ginas web curriculum"},"content":{"rendered":"\t\t<div data-elementor-type=\"wp-page\" data-elementor-id=\"67\" class=\"elementor elementor-67\" data-elementor-post-type=\"page\">\n\t\t\t\t\t\t<section class=\"elementor-section elementor-top-section elementor-element elementor-element-c65da6d elementor-section-full_width elementor-section-stretched elementor-section-height-default elementor-section-height-default\" data-id=\"c65da6d\" data-element_type=\"section\" data-e-type=\"section\" data-settings=\"{&quot;stretch_section&quot;:&quot;section-stretched&quot;}\">\n\t\t\t\t\t\t<div class=\"elementor-container elementor-column-gap-no\">\n\t\t\t\t\t<div class=\"elementor-column elementor-col-100 elementor-top-column elementor-element elementor-element-c9c43df\" data-id=\"c9c43df\" data-element_type=\"column\" data-e-type=\"column\">\n\t\t\t<div class=\"elementor-widget-wrap elementor-element-populated\">\n\t\t\t\t\t\t<div class=\"elementor-element elementor-element-ff941de elementor-widget elementor-widget-vlt-piling-projects\" data-id=\"ff941de\" data-element_type=\"widget\" data-e-type=\"widget\" data-settings=\"{&quot;vlt_wow_animation_name&quot;:&quot;none&quot;}\" data-widget_type=\"vlt-piling-projects.default\">\n\t\t\t\t<div class=\"elementor-widget-container\">\n\t\t\t\t\t\n\t\t<div class=\"vlt-piling-projects\" data-loop-top=\"\" data-loop-bottom=\"yes\" data-speed=\"280\" data-dots=\"yes\">\n\n\t\t\t\n\t\t\t\t\n\t\t\t\t<div class=\"vlt-section vlt-boxed\" data-anchor=\"page-1\">\n\n\t\t\t\t\t<div class=\"vlt-section__background\" style=\"background-image: url(https:\/\/silviaarias.com\/wp-content\/uploads\/2019\/12\/fondo-presentacion-1920x1080.jpg);\"><\/div>\n\n\t\t\t\t\t<div class=\"container\">\n\n\t\t\t\t\t\t<div class=\"vlt-project-detail\">\n\n\t\t\t\t\t\t\t<span class=\"vlt-project-detail__number\">01<\/span>\n\n\t\t\t\t\t\t\t<h2 class=\"vlt-project-detail__title\">\n\t\t\t\t\t\t\t\t<a href=\"https:\/\/silviaarias.com\/index.php\/portfolio\/preparador-fisico-angel-pavon\/\">\n\t\t\t\t\t\t\t\t\t\u00c1ngel Pav\u00f3n\t\t\t\t\t\t\t\t<\/a>\n\t\t\t\t\t\t\t<\/h2>\n\n\t\t\t\t\t\t\t\t\t\t\t\t\t\t\t<span class=\"vlt-project-detail__cats\">Deporte<\/span>\n\t\t\t\t\t\t\t\n\t\t\t\t\t\t<\/div>\n\n\t\t\t\t\t<\/div>\n\n\t\t\t\t<\/div>\n\n\t\t\t\n\t\t\t\t\n\t\t\t\t<div class=\"vlt-section vlt-boxed\" data-anchor=\"page-2\">\n\n\t\t\t\t\t<div class=\"vlt-section__background\" style=\"background-image: url(https:\/\/silviaarias.com\/wp-content\/uploads\/2021\/02\/jffotografia-grietas-1920x1080.jpg);\"><\/div>\n\n\t\t\t\t\t<div class=\"container\">\n\n\t\t\t\t\t\t<div class=\"vlt-project-detail\">\n\n\t\t\t\t\t\t\t<span class=\"vlt-project-detail__number\">02<\/span>\n\n\t\t\t\t\t\t\t<h2 class=\"vlt-project-detail__title\">\n\t\t\t\t\t\t\t\t<a href=\"https:\/\/silviaarias.com\/index.php\/portfolio\/jose-almagro-fotografo-madrid\/\">\n\t\t\t\t\t\t\t\t\tJos\u00e9 Almagro. Fotograf\u00eda\t\t\t\t\t\t\t\t<\/a>\n\t\t\t\t\t\t\t<\/h2>\n\n\t\t\t\t\t\t\t\t\t\t\t\t\t\t\t<span class=\"vlt-project-detail__cats\">Fotograf\u00eda<\/span>\n\t\t\t\t\t\t\t\n\t\t\t\t\t\t<\/div>\n\n\t\t\t\t\t<\/div>\n\n\t\t\t\t<\/div>\n\n\t\t\t\n\t\t\t\t\n\t\t\t\t<div class=\"vlt-section vlt-boxed\" data-anchor=\"page-3\">\n\n\t\t\t\t\t<div class=\"vlt-section__background\" style=\"background-image: url(https:\/\/silviaarias.com\/wp-content\/uploads\/2021\/02\/portada-1-2.jpg);\"><\/div>\n\n\t\t\t\t\t<div class=\"container\">\n\n\t\t\t\t\t\t<div class=\"vlt-project-detail\">\n\n\t\t\t\t\t\t\t<span class=\"vlt-project-detail__number\">03<\/span>\n\n\t\t\t\t\t\t\t<h2 class=\"vlt-project-detail__title\">\n\t\t\t\t\t\t\t\t<a href=\"https:\/\/silviaarias.com\/index.php\/portfolio\/advanced-fisioterapia\/\">\n\t\t\t\t\t\t\t\t\tAdvanced Fisioterapia\t\t\t\t\t\t\t\t<\/a>\n\t\t\t\t\t\t\t<\/h2>\n\n\t\t\t\t\t\t\t\t\t\t\t\t\t\t\t<span class=\"vlt-project-detail__cats\">Fisioterapeuta<\/span>\n\t\t\t\t\t\t\t\n\t\t\t\t\t\t<\/div>\n\n\t\t\t\t\t<\/div>\n\n\t\t\t\t<\/div>\n\n\t\t\t\n\t\t\t\t\n\t\t\t\t<div class=\"vlt-section vlt-boxed\" data-anchor=\"page-4\">\n\n\t\t\t\t\t<div class=\"vlt-section__background\" style=\"background-image: url(https:\/\/silviaarias.com\/wp-content\/uploads\/2021\/02\/portada-2.jpg);\"><\/div>\n\n\t\t\t\t\t<div class=\"container\">\n\n\t\t\t\t\t\t<div class=\"vlt-project-detail\">\n\n\t\t\t\t\t\t\t<span class=\"vlt-project-detail__number\">04<\/span>\n\n\t\t\t\t\t\t\t<h2 class=\"vlt-project-detail__title\">\n\t\t\t\t\t\t\t\t<a href=\"https:\/\/silviaarias.com\/index.php\/portfolio\/escuela-de-formacion-trainek\/\">\n\t\t\t\t\t\t\t\t\tTrainek\t\t\t\t\t\t\t\t<\/a>\n\t\t\t\t\t\t\t<\/h2>\n\n\t\t\t\t\t\t\t\t\t\t\t\t\t\t\t<span class=\"vlt-project-detail__cats\">Escuela de formaci\u00f3n<\/span>\n\t\t\t\t\t\t\t\n\t\t\t\t\t\t<\/div>\n\n\t\t\t\t\t<\/div>\n\n\t\t\t\t<\/div>\n\n\t\t\t\n\t\t\t\t\n\t\t\t\t<div class=\"vlt-section vlt-boxed\" data-anchor=\"page-5\">\n\n\t\t\t\t\t<div class=\"vlt-section__background\" style=\"background-image: url(https:\/\/silviaarias.com\/wp-content\/uploads\/2021\/02\/tayito-1.jpg);\"><\/div>\n\n\t\t\t\t\t<div class=\"container\">\n\n\t\t\t\t\t\t<div class=\"vlt-project-detail\">\n\n\t\t\t\t\t\t\t<span class=\"vlt-project-detail__number\">05<\/span>\n\n\t\t\t\t\t\t\t<h2 class=\"vlt-project-detail__title\">\n\t\t\t\t\t\t\t\t<a href=\"https:\/\/silviaarias.com\/index.php\/portfolio\/inmobiliaria-tayito\/\">\n\t\t\t\t\t\t\t\t\tTayito\t\t\t\t\t\t\t\t<\/a>\n\t\t\t\t\t\t\t<\/h2>\n\n\t\t\t\t\t\t\t\t\t\t\t\t\t\t\t<span class=\"vlt-project-detail__cats\">Inmobiliaria<\/span>\n\t\t\t\t\t\t\t\n\t\t\t\t\t\t<\/div>\n\n\t\t\t\t\t<\/div>\n\n\t\t\t\t<\/div>\n\n\t\t\t\n\t\t\t\t\n\t\t\t\t<div class=\"vlt-section vlt-boxed\" data-anchor=\"page-6\">\n\n\t\t\t\t\t<div class=\"vlt-section__background\" style=\"background-image: url(https:\/\/silviaarias.com\/wp-content\/uploads\/2022\/08\/Alsonso-1.jpg);\"><\/div>\n\n\t\t\t\t\t<div class=\"container\">\n\n\t\t\t\t\t\t<div class=\"vlt-project-detail\">\n\n\t\t\t\t\t\t\t<span class=\"vlt-project-detail__number\">06<\/span>\n\n\t\t\t\t\t\t\t<h2 class=\"vlt-project-detail__title\">\n\t\t\t\t\t\t\t\t<a href=\"https:\/\/silviaarias.com\/index.php\/portfolio\/alfonso-maria-gomez\/\">\n\t\t\t\t\t\t\t\t\tAlfonso Mar\u00eda G\u00f3mez\t\t\t\t\t\t\t\t<\/a>\n\t\t\t\t\t\t\t<\/h2>\n\n\t\t\t\t\t\t\t\t\t\t\t\t\t\t\t<span class=\"vlt-project-detail__cats\">INTERIM MANAGEMENT<\/span>\n\t\t\t\t\t\t\t\n\t\t\t\t\t\t<\/div>\n\n\t\t\t\t\t<\/div>\n\n\t\t\t\t<\/div>\n\n\t\t\t\n\t\t\t\t\n\t\t\t\t<div class=\"vlt-section vlt-boxed\" data-anchor=\"page-7\">\n\n\t\t\t\t\t<div class=\"vlt-section__background\" style=\"background-image: url(https:\/\/silviaarias.com\/wp-content\/uploads\/2022\/08\/dog-g201753963_1920-1920x1080.jpg);\"><\/div>\n\n\t\t\t\t\t<div class=\"container\">\n\n\t\t\t\t\t\t<div class=\"vlt-project-detail\">\n\n\t\t\t\t\t\t\t<span class=\"vlt-project-detail__number\">07<\/span>\n\n\t\t\t\t\t\t\t<h2 class=\"vlt-project-detail__title\">\n\t\t\t\t\t\t\t\t<a href=\"https:\/\/silviaarias.com\/index.php\/portfolio\/adiestradomicilio\/\">\n\t\t\t\t\t\t\t\t\tAdiestradomicilio\t\t\t\t\t\t\t\t<\/a>\n\t\t\t\t\t\t\t<\/h2>\n\n\t\t\t\t\t\t\t\t\t\t\t\t\t\t\t<span class=\"vlt-project-detail__cats\">Adiestrador canino<\/span>\n\t\t\t\t\t\t\t\n\t\t\t\t\t\t<\/div>\n\n\t\t\t\t\t<\/div>\n\n\t\t\t\t<\/div>\n\n\t\t\t\n\t\t\t\t\n\t\t\t\t<div class=\"vlt-section vlt-boxed\" data-anchor=\"page-8\">\n\n\t\t\t\t\t<div class=\"vlt-section__background\" style=\"background-image: url(https:\/\/silviaarias.com\/wp-content\/uploads\/2022\/08\/headingImage-1920x1080.jpg);\"><\/div>\n\n\t\t\t\t\t<div class=\"container\">\n\n\t\t\t\t\t\t<div class=\"vlt-project-detail\">\n\n\t\t\t\t\t\t\t<span class=\"vlt-project-detail__number\">08<\/span>\n\n\t\t\t\t\t\t\t<h2 class=\"vlt-project-detail__title\">\n\t\t\t\t\t\t\t\t<a href=\"https:\/\/silviaarias.com\/index.php\/portfolio\/piscinas-mir\/\">\n\t\t\t\t\t\t\t\t\tPiscinas MIR\t\t\t\t\t\t\t\t<\/a>\n\t\t\t\t\t\t\t<\/h2>\n\n\t\t\t\t\t\t\t\t\t\t\t\t\t\t\t<span class=\"vlt-project-detail__cats\">Piscinas Formaci\u00f3n<\/span>\n\t\t\t\t\t\t\t\n\t\t\t\t\t\t<\/div>\n\n\t\t\t\t\t<\/div>\n\n\t\t\t\t<\/div>\n\n\t\t\t\n\t\t\t\t\n\t\t\t\t<div class=\"vlt-section vlt-boxed\" data-anchor=\"page-9\">\n\n\t\t\t\t\t<div class=\"vlt-section__background\" style=\"background-image: url();\"><\/div>\n\n\t\t\t\t\t<div class=\"container\">\n\n\t\t\t\t\t\t<div class=\"vlt-project-detail\">\n\n\t\t\t\t\t\t\t<span class=\"vlt-project-detail__number\">09<\/span>\n\n\t\t\t\t\t\t\t<h2 class=\"vlt-project-detail__title\">\n\t\t\t\t\t\t\t\t<a href=\"https:\/\/silviaarias.com\/index.php\/portfolio\/martafisiomad\/\">\n\t\t\t\t\t\t\t\t\tMartafisiomad\t\t\t\t\t\t\t\t<\/a>\n\t\t\t\t\t\t\t<\/h2>\n\n\t\t\t\t\t\t\t\t\t\t\t\t\t\t\t<span class=\"vlt-project-detail__cats\">Dise\u00f1o Web<\/span>\n\t\t\t\t\t\t\t\n\t\t\t\t\t\t<\/div>\n\n\t\t\t\t\t<\/div>\n\n\t\t\t\t<\/div>\n\n\t\t\t\n\t\t<\/div>\n\n\t\t\t\t\t\t<\/div>\n\t\t\t\t<\/div>\n\t\t\t\t\t<\/div>\n\t\t<\/div>\n\t\t\t\t\t<\/div>\n\t\t<\/section>\n\t\t\t\t<\/div>\n\t\t","protected":false},"excerpt":{"rendered":"<p>01 \u00c1ngel Pav\u00f3n Deporte 02 Jos\u00e9 Almagro. Fotograf\u00eda Fotograf\u00eda 03 Advanced Fisioterapia Fisioterapeuta 04 Martafisiomad Fisioterapeuta 05 Tu business online Dise\u00f1o Web 06 Trainek Escuela de formaci\u00f3n 07 Tayito Inmobiliaria 08 Alfonso Mar\u00eda G\u00f3mez INTERIM MANAGEMENT 09 Adiestradomicilio Adiestrador canino 10 Piscinas MIR Piscinas Formaci\u00f3n<\/p>\n","protected":false},"author":2,"featured_media":0,"parent":0,"menu_order":0,"comment_status":"closed","ping_status":"closed","template":"template-custom-page.php","meta":{"footnotes":""},"class_list":["post-67","page","type-page","status-publish","hentry"],"yoast_head":"<!-- This site is optimized with the Yoast SEO plugin v27.4 - https:\/\/yoast.com\/product\/yoast-seo-wordpress\/ -->\n<title>Porfolio curr\u00edculum Web Online. P\u00e1ginas web Silvia Arias<\/title>\n<meta name=\"description\" content=\"En mi curr\u00edculum web podr\u00e1s ver el porfolio de los trabajos que he realizado. Selecci\u00f3n de p\u00e1ginas web que he dise\u00f1ado. Importantica del SEO\" \/>\n<meta name=\"robots\" content=\"index, follow, max-snippet:-1, max-image-preview:large, max-video-preview:-1\" \/>\n<link rel=\"canonical\" href=\"https:\/\/silviaarias.com\/index.php\/proyectos-paginas-web\/\" \/>\n<meta name=\"twitter:label1\" content=\"Tiempo de lectura\" \/>\n\t<meta name=\"twitter:data1\" content=\"1 minuto\" \/>\n<script type=\"application\/ld+json\" class=\"yoast-schema-graph\">{\"@context\":\"https:\\\/\\\/schema.org\",\"@graph\":[{\"@type\":\"WebPage\",\"@id\":\"https:\\\/\\\/silviaarias.com\\\/index.php\\\/proyectos-paginas-web\\\/\",\"url\":\"https:\\\/\\\/silviaarias.com\\\/index.php\\\/proyectos-paginas-web\\\/\",\"name\":\"Porfolio curr\u00edculum Web Online. P\u00e1ginas web Silvia Arias\",\"isPartOf\":{\"@id\":\"https:\\\/\\\/silviaarias.com\\\/#website\"},\"datePublished\":\"2019-12-25T09:32:02+00:00\",\"dateModified\":\"2022-08-19T08:09:09+00:00\",\"description\":\"En mi curr\u00edculum web podr\u00e1s ver el porfolio de los trabajos que he realizado. Selecci\u00f3n de p\u00e1ginas web que he dise\u00f1ado. Importantica del SEO\",\"breadcrumb\":{\"@id\":\"https:\\\/\\\/silviaarias.com\\\/index.php\\\/proyectos-paginas-web\\\/#breadcrumb\"},\"inLanguage\":\"es\",\"potentialAction\":[{\"@type\":\"ReadAction\",\"target\":[\"https:\\\/\\\/silviaarias.com\\\/index.php\\\/proyectos-paginas-web\\\/\"]}]},{\"@type\":\"BreadcrumbList\",\"@id\":\"https:\\\/\\\/silviaarias.com\\\/index.php\\\/proyectos-paginas-web\\\/#breadcrumb\",\"itemListElement\":[{\"@type\":\"ListItem\",\"position\":1,\"name\":\"Portada\",\"item\":\"https:\\\/\\\/silviaarias.com\\\/\"},{\"@type\":\"ListItem\",\"position\":2,\"name\":\"Porfolio p\u00e1ginas web curriculum\"}]},{\"@type\":\"WebSite\",\"@id\":\"https:\\\/\\\/silviaarias.com\\\/#website\",\"url\":\"https:\\\/\\\/silviaarias.com\\\/\",\"name\":\"Silvia Arias\",\"description\":\"Curriculum Web\",\"publisher\":{\"@id\":\"https:\\\/\\\/silviaarias.com\\\/#\\\/schema\\\/person\\\/bce65b78c5fcd1e181fa4c402af799d1\"},\"potentialAction\":[{\"@type\":\"SearchAction\",\"target\":{\"@type\":\"EntryPoint\",\"urlTemplate\":\"https:\\\/\\\/silviaarias.com\\\/?s={search_term_string}\"},\"query-input\":{\"@type\":\"PropertyValueSpecification\",\"valueRequired\":true,\"valueName\":\"search_term_string\"}}],\"inLanguage\":\"es\"},{\"@type\":[\"Person\",\"Organization\"],\"@id\":\"https:\\\/\\\/silviaarias.com\\\/#\\\/schema\\\/person\\\/bce65b78c5fcd1e181fa4c402af799d1\",\"name\":\"silvia arias\",\"image\":{\"@type\":\"ImageObject\",\"inLanguage\":\"es\",\"@id\":\"https:\\\/\\\/silviaarias.com\\\/wp-content\\\/uploads\\\/2021\\\/04\\\/12118667_995539973837379_8132370255232280211_n.jpg\",\"url\":\"https:\\\/\\\/silviaarias.com\\\/wp-content\\\/uploads\\\/2021\\\/04\\\/12118667_995539973837379_8132370255232280211_n.jpg\",\"contentUrl\":\"https:\\\/\\\/silviaarias.com\\\/wp-content\\\/uploads\\\/2021\\\/04\\\/12118667_995539973837379_8132370255232280211_n.jpg\",\"width\":960,\"height\":551,\"caption\":\"silvia arias\"},\"logo\":{\"@id\":\"https:\\\/\\\/silviaarias.com\\\/wp-content\\\/uploads\\\/2021\\\/04\\\/12118667_995539973837379_8132370255232280211_n.jpg\"},\"sameAs\":[\"https:\\\/\\\/silviaarias.com\\\/\",\"https:\\\/\\\/www.linkedin.com\\\/in\\\/silviarias\\\/\"]}]}<\/script>\n<!-- \/ Yoast SEO plugin. -->","yoast_head_json":{"title":"Porfolio curr\u00edculum Web Online. P\u00e1ginas web Silvia Arias","description":"En mi curr\u00edculum web podr\u00e1s ver el porfolio de los trabajos que he realizado. Selecci\u00f3n de p\u00e1ginas web que he dise\u00f1ado. Importantica del SEO","robots":{"index":"index","follow":"follow","max-snippet":"max-snippet:-1","max-image-preview":"max-image-preview:large","max-video-preview":"max-video-preview:-1"},"canonical":"https:\/\/silviaarias.com\/index.php\/proyectos-paginas-web\/","twitter_misc":{"Tiempo de lectura":"1 minuto"},"schema":{"@context":"https:\/\/schema.org","@graph":[{"@type":"WebPage","@id":"https:\/\/silviaarias.com\/index.php\/proyectos-paginas-web\/","url":"https:\/\/silviaarias.com\/index.php\/proyectos-paginas-web\/","name":"Porfolio curr\u00edculum Web Online. P\u00e1ginas web Silvia Arias","isPartOf":{"@id":"https:\/\/silviaarias.com\/#website"},"datePublished":"2019-12-25T09:32:02+00:00","dateModified":"2022-08-19T08:09:09+00:00","description":"En mi curr\u00edculum web podr\u00e1s ver el porfolio de los trabajos que he realizado. Selecci\u00f3n de p\u00e1ginas web que he dise\u00f1ado. Importantica del SEO","breadcrumb":{"@id":"https:\/\/silviaarias.com\/index.php\/proyectos-paginas-web\/#breadcrumb"},"inLanguage":"es","potentialAction":[{"@type":"ReadAction","target":["https:\/\/silviaarias.com\/index.php\/proyectos-paginas-web\/"]}]},{"@type":"BreadcrumbList","@id":"https:\/\/silviaarias.com\/index.php\/proyectos-paginas-web\/#breadcrumb","itemListElement":[{"@type":"ListItem","position":1,"name":"Portada","item":"https:\/\/silviaarias.com\/"},{"@type":"ListItem","position":2,"name":"Porfolio p\u00e1ginas web curriculum"}]},{"@type":"WebSite","@id":"https:\/\/silviaarias.com\/#website","url":"https:\/\/silviaarias.com\/","name":"Silvia Arias","description":"Curriculum Web","publisher":{"@id":"https:\/\/silviaarias.com\/#\/schema\/person\/bce65b78c5fcd1e181fa4c402af799d1"},"potentialAction":[{"@type":"SearchAction","target":{"@type":"EntryPoint","urlTemplate":"https:\/\/silviaarias.com\/?s={search_term_string}"},"query-input":{"@type":"PropertyValueSpecification","valueRequired":true,"valueName":"search_term_string"}}],"inLanguage":"es"},{"@type":["Person","Organization"],"@id":"https:\/\/silviaarias.com\/#\/schema\/person\/bce65b78c5fcd1e181fa4c402af799d1","name":"silvia arias","image":{"@type":"ImageObject","inLanguage":"es","@id":"https:\/\/silviaarias.com\/wp-content\/uploads\/2021\/04\/12118667_995539973837379_8132370255232280211_n.jpg","url":"https:\/\/silviaarias.com\/wp-content\/uploads\/2021\/04\/12118667_995539973837379_8132370255232280211_n.jpg","contentUrl":"https:\/\/silviaarias.com\/wp-content\/uploads\/2021\/04\/12118667_995539973837379_8132370255232280211_n.jpg","width":960,"height":551,"caption":"silvia arias"},"logo":{"@id":"https:\/\/silviaarias.com\/wp-content\/uploads\/2021\/04\/12118667_995539973837379_8132370255232280211_n.jpg"},"sameAs":["https:\/\/silviaarias.com\/","https:\/\/www.linkedin.com\/in\/silviarias\/"]}]}},"_links":{"self":[{"href":"https:\/\/silviaarias.com\/index.php\/wp-json\/wp\/v2\/pages\/67","targetHints":{"allow":["GET"]}}],"collection":[{"href":"https:\/\/silviaarias.com\/index.php\/wp-json\/wp\/v2\/pages"}],"about":[{"href":"https:\/\/silviaarias.com\/index.php\/wp-json\/wp\/v2\/types\/page"}],"author":[{"embeddable":true,"href":"https:\/\/silviaarias.com\/index.php\/wp-json\/wp\/v2\/users\/2"}],"replies":[{"embeddable":true,"href":"https:\/\/silviaarias.com\/index.php\/wp-json\/wp\/v2\/comments?post=67"}],"version-history":[{"count":9,"href":"https:\/\/silviaarias.com\/index.php\/wp-json\/wp\/v2\/pages\/67\/revisions"}],"predecessor-version":[{"id":3635,"href":"https:\/\/silviaarias.com\/index.php\/wp-json\/wp\/v2\/pages\/67\/revisions\/3635"}],"wp:attachment":[{"href":"https:\/\/silviaarias.com\/index.php\/wp-json\/wp\/v2\/media?parent=67"}],"curies":[{"name":"wp","href":"https:\/\/api.w.org\/{rel}","templated":true}]}}